{"id":205,"date":"2025-10-28T21:56:50","date_gmt":"2025-10-28T21:56:50","guid":{"rendered":"https:\/\/caboplano.pt\/?post_type=product&#038;p=205"},"modified":"2025-10-28T21:56:51","modified_gmt":"2025-10-28T21:56:51","slug":"kit-luz-3-linhas-sem-ficha-tomada","status":"publish","type":"product","link":"https:\/\/caboplano.pt\/index.php\/produto\/kit-luz-3-linhas-sem-ficha-tomada\/","title":{"rendered":"Kit Luz 3 linhas (sem ficha\/tomada)"},"content":{"rendered":"<p style=\"font-weight: 400;\">Solu\u00e7\u00e3o completa com\u00a0<strong>cabo ultra-plano 3 linhas (230 V \/ 16 A)<\/strong>\u00a0+ todos os acess\u00f3rios necess\u00e1rios para instala\u00e7\u00e3o perfeita.<br \/>\nCompat\u00edvel com todas as aplica\u00e7\u00f5es de ilumina\u00e7\u00e3o e energia.<\/p>\n<p style=\"font-weight: 400;\"><strong>Comprimentos dispon\u00edveis:<\/strong>\u00a01 m, 2 m, 3 m, 5 m, 10 m.<\/p>\n<p style=\"font-weight: 400;\"><strong>Inclui:<\/strong><\/p>\n<ul>\n<li>1 \u00d7 Cabo ultra-plano Magic Elek (comprimento \u00e0 escolha)<\/li>\n<li>2 \u00d7 Conectores (dominos + caixa de prote\u00e7\u00e3o)<\/li>\n<li>1 \u00d7 Fita adesiva dupla face para o cabo<\/li>\n<li>2 \u00d7 Fitas adesivas para os conectores<\/li>\n<li>1 \u00d7 Cola para superf\u00edcies irregulares<\/li>\n<li>1 \u00d7 Adesivo de parede branco pint\u00e1vel<\/li>\n<li>1 \u00d7 Chave de fendas<\/li>\n<li>1 \u00d7 Manual de utiliza\u00e7\u00e3o ilustrado<\/li>\n<\/ul>\n","protected":false},"excerpt":{"rendered":"<p>Solu\u00e7\u00e3o completa com\u00a0cabo ultra-plano 3 linhas (230 V \/ 16 A)\u00a0+ todos os acess\u00f3rios necess\u00e1rios para instala\u00e7\u00e3o perfeita. Compat\u00edvel com todas as aplica\u00e7\u00f5es de ilumina\u00e7\u00e3o e energia. Comprimentos dispon\u00edveis:\u00a01 m, 2 m, 3 m, 5 m, 10 m. Inclui: 1 \u00d7 Cabo ultra-plano Magic Elek (comprimento \u00e0 escolha) 2 \u00d7 Conectores (dominos + caixa de [&hellip;]<\/p>\n","protected":false},"featured_media":173,"comment_status":"open","ping_status":"closed","template":"","meta":[],"product_brand":[],"product_cat":[18],"product_tag":[],"class_list":{"0":"post-205","1":"product","2":"type-product","3":"status-publish","4":"has-post-thumbnail","6":"product_cat-sem-categoria","8":"first","9":"instock","10":"shipping-taxable","11":"purchasable","12":"product-type-variable"},"_links":{"self":[{"href":"https:\/\/caboplano.pt\/index.php\/wp-json\/wp\/v2\/product\/205","targetHints":{"allow":["GET"]}}],"collection":[{"href":"https:\/\/caboplano.pt\/index.php\/wp-json\/wp\/v2\/product"}],"about":[{"href":"https:\/\/caboplano.pt\/index.php\/wp-json\/wp\/v2\/types\/product"}],"replies":[{"embeddable":true,"href":"https:\/\/caboplano.pt\/index.php\/wp-json\/wp\/v2\/comments?post=205"}],"wp:featuredmedia":[{"embeddable":true,"href":"https:\/\/caboplano.pt\/index.php\/wp-json\/wp\/v2\/media\/173"}],"wp:attachment":[{"href":"https:\/\/caboplano.pt\/index.php\/wp-json\/wp\/v2\/media?parent=205"}],"wp:term":[{"taxonomy":"product_brand","embeddable":true,"href":"https:\/\/caboplano.pt\/index.php\/wp-json\/wp\/v2\/product_brand?post=205"},{"taxonomy":"product_cat","embeddable":true,"href":"https:\/\/caboplano.pt\/index.php\/wp-json\/wp\/v2\/product_cat?post=205"},{"taxonomy":"product_tag","embeddable":true,"href":"https:\/\/caboplano.pt\/index.php\/wp-json\/wp\/v2\/product_tag?post=205"}],"curies":[{"name":"wp","href":"https:\/\/api.w.org\/{rel}","templated":true}]}}