{"id":221,"date":"2025-10-28T22:07:11","date_gmt":"2025-10-28T22:07:11","guid":{"rendered":"https:\/\/caboplano.pt\/?post_type=product&#038;p=221"},"modified":"2025-10-28T22:07:11","modified_gmt":"2025-10-28T22:07:11","slug":"kit-de-conexao-2-linhas","status":"publish","type":"product","link":"https:\/\/caboplano.pt\/index.php\/produto\/kit-de-conexao-2-linhas\/","title":{"rendered":"Kit de Conex\u00e3o 2 linhas"},"content":{"rendered":"<p style=\"font-weight: 400;\">Kit de liga\u00e7\u00e3o simples e seguro. Inclui\u00a0<strong>2 conectores<\/strong>\u00a0(caixa + domino) com cabos de 15 cm, um com\u00a0<strong>ficha macho plana<\/strong>\u00a0e outro com\u00a0<strong>tomada f\u00eamea plana<\/strong>.<br \/>\nPermite captar a energia de um lado e alimentar o dispositivo do outro, com o\u00a0<strong>cabo ultra-plano Magic Elek<\/strong>\u00a0no meio.<\/p>\n<p style=\"font-weight: 400;\">Inclui tamb\u00e9m\u00a0<strong>acess\u00f3rios de montagem<\/strong>\u00a0(chave de fendas, fita adesiva dupla face e cola).<\/p>\n<p style=\"font-weight: 400;\"><strong>Conte\u00fado do kit:<\/strong><\/p>\n<ul>\n<li>2 \u00d7 Conectores adaptadores<\/li>\n<li>1 \u00d7 Ficha, 1 \u00d7 Tomada, 1 \u00d7 Cabo descarnado<\/li>\n<li>2 \u00d7 Fitas adesivas dupla face<\/li>\n<li>1 \u00d7 Chave de fendas<\/li>\n<li>1 \u00d7 Manual de utiliza\u00e7\u00e3o ilustrado<\/li>\n<\/ul>\n","protected":false},"excerpt":{"rendered":"<p>Kit de liga\u00e7\u00e3o simples e seguro. Inclui\u00a02 conectores\u00a0(caixa + domino) com cabos de 15 cm, um com\u00a0ficha macho plana\u00a0e outro com\u00a0tomada f\u00eamea plana. Permite captar a energia de um lado e alimentar o dispositivo do outro, com o\u00a0cabo ultra-plano Magic Elek\u00a0no meio. Inclui tamb\u00e9m\u00a0acess\u00f3rios de montagem\u00a0(chave de fendas, fita adesiva dupla face e cola). Conte\u00fado [&hellip;]<\/p>\n","protected":false},"featured_media":224,"comment_status":"open","ping_status":"closed","template":"","meta":[],"product_brand":[],"product_cat":[18],"product_tag":[],"class_list":{"0":"post-221","1":"product","2":"type-product","3":"status-publish","4":"has-post-thumbnail","6":"product_cat-sem-categoria","8":"first","9":"instock","10":"shipping-taxable","11":"purchasable","12":"product-type-simple"},"_links":{"self":[{"href":"https:\/\/caboplano.pt\/index.php\/wp-json\/wp\/v2\/product\/221","targetHints":{"allow":["GET"]}}],"collection":[{"href":"https:\/\/caboplano.pt\/index.php\/wp-json\/wp\/v2\/product"}],"about":[{"href":"https:\/\/caboplano.pt\/index.php\/wp-json\/wp\/v2\/types\/product"}],"replies":[{"embeddable":true,"href":"https:\/\/caboplano.pt\/index.php\/wp-json\/wp\/v2\/comments?post=221"}],"wp:featuredmedia":[{"embeddable":true,"href":"https:\/\/caboplano.pt\/index.php\/wp-json\/wp\/v2\/media\/224"}],"wp:attachment":[{"href":"https:\/\/caboplano.pt\/index.php\/wp-json\/wp\/v2\/media?parent=221"}],"wp:term":[{"taxonomy":"product_brand","embeddable":true,"href":"https:\/\/caboplano.pt\/index.php\/wp-json\/wp\/v2\/product_brand?post=221"},{"taxonomy":"product_cat","embeddable":true,"href":"https:\/\/caboplano.pt\/index.php\/wp-json\/wp\/v2\/product_cat?post=221"},{"taxonomy":"product_tag","embeddable":true,"href":"https:\/\/caboplano.pt\/index.php\/wp-json\/wp\/v2\/product_tag?post=221"}],"curies":[{"name":"wp","href":"https:\/\/api.w.org\/{rel}","templated":true}]}}