{"id":258,"date":"2025-10-28T22:21:59","date_gmt":"2025-10-28T22:21:59","guid":{"rendered":"https:\/\/caboplano.pt\/?post_type=product&#038;p=258"},"modified":"2025-10-28T22:21:59","modified_gmt":"2025-10-28T22:21:59","slug":"cabo-2-linhas-sem-terra","status":"publish","type":"product","link":"https:\/\/caboplano.pt\/index.php\/produto\/cabo-2-linhas-sem-terra\/","title":{"rendered":"Cabo 2 linhas (sem terra)"},"content":{"rendered":"<p style=\"font-weight: 400;\">Cabo de alimenta\u00e7\u00e3o 230 V \/ 16 A ultra-plano e ajust\u00e1vel, \u00fanico no mundo.<br \/>\nDeve ser utilizado com os conectores\/adaptadores Magic Elek.<\/p>\n<p style=\"font-weight: 400;\">Para encomendar o comprimento desejado, indique o n\u00famero de\u00a0<strong>metros<\/strong>\u00a0em \u201cQuantidade\u201d.<br \/>\nExemplo: Para 2 m de cabo, insira\u00a0<strong>2<\/strong>.<\/p>\n<p style=\"font-weight: 400;\"><strong>Caracter\u00edsticas t\u00e9cnicas:<\/strong><\/p>\n<ul>\n<li>Cabo 2 linhas (fase e neutro) 230 V \/ 16 A \u2013 3000 W<\/li>\n<li>Compat\u00edvel com baixa e alta tens\u00e3o<\/li>\n<li>Cort\u00e1vel com tesoura<\/li>\n<li>Resistente \u00e0 humidade<\/li>\n<li><strong>Ign\u00edfugo:<\/strong>n\u00e3o propaga fogo<\/li>\n<li>Comprimento m\u00e1x at\u00e9 900 m (10 emendas m\u00e1x.)<\/li>\n<li>Resist\u00eancia linear a 23 \u00b0C: 100,5 \u03a9\/km m\u00e1x<\/li>\n<li>Faixa de temperatura: \u201340 \u00b0C a +105 \u00b0C<\/li>\n<li>Resist\u00eancia de isolamento: 10 M\u03a9\u00b7m m\u00edn (500 VDC)<\/li>\n<li>Tens\u00e3o diel\u00e9trica m\u00ednima: 500 V<\/li>\n<li>Press\u00e3o m\u00e1x: 900 kg\/cm\u00b2<\/li>\n<li>Cor:<strong>branco \/ cobre<\/strong><\/li>\n<li><span style=\"font-size: 16px;\">Fornecido em rolos<\/span><\/li>\n<\/ul>\n","protected":false},"excerpt":{"rendered":"<p>Cabo de alimenta\u00e7\u00e3o 230 V \/ 16 A ultra-plano e ajust\u00e1vel, \u00fanico no mundo. Deve ser utilizado com os conectores\/adaptadores Magic Elek. Para encomendar o comprimento desejado, indique o n\u00famero de\u00a0metros\u00a0em \u201cQuantidade\u201d. Exemplo: Para 2 m de cabo, insira\u00a02. Caracter\u00edsticas t\u00e9cnicas: Cabo 2 linhas (fase e neutro) 230 V \/ 16 A \u2013 3000 W [&hellip;]<\/p>\n","protected":false},"featured_media":264,"comment_status":"open","ping_status":"closed","template":"","meta":[],"product_brand":[],"product_cat":[18],"product_tag":[],"class_list":{"0":"post-258","1":"product","2":"type-product","3":"status-publish","4":"has-post-thumbnail","6":"product_cat-sem-categoria","8":"first","9":"instock","10":"shipping-taxable","11":"purchasable","12":"product-type-simple"},"_links":{"self":[{"href":"https:\/\/caboplano.pt\/index.php\/wp-json\/wp\/v2\/product\/258","targetHints":{"allow":["GET"]}}],"collection":[{"href":"https:\/\/caboplano.pt\/index.php\/wp-json\/wp\/v2\/product"}],"about":[{"href":"https:\/\/caboplano.pt\/index.php\/wp-json\/wp\/v2\/types\/product"}],"replies":[{"embeddable":true,"href":"https:\/\/caboplano.pt\/index.php\/wp-json\/wp\/v2\/comments?post=258"}],"wp:featuredmedia":[{"embeddable":true,"href":"https:\/\/caboplano.pt\/index.php\/wp-json\/wp\/v2\/media\/264"}],"wp:attachment":[{"href":"https:\/\/caboplano.pt\/index.php\/wp-json\/wp\/v2\/media?parent=258"}],"wp:term":[{"taxonomy":"product_brand","embeddable":true,"href":"https:\/\/caboplano.pt\/index.php\/wp-json\/wp\/v2\/product_brand?post=258"},{"taxonomy":"product_cat","embeddable":true,"href":"https:\/\/caboplano.pt\/index.php\/wp-json\/wp\/v2\/product_cat?post=258"},{"taxonomy":"product_tag","embeddable":true,"href":"https:\/\/caboplano.pt\/index.php\/wp-json\/wp\/v2\/product_tag?post=258"}],"curies":[{"name":"wp","href":"https:\/\/api.w.org\/{rel}","templated":true}]}}