{"id":281,"date":"2025-10-28T22:34:15","date_gmt":"2025-10-28T22:34:15","guid":{"rendered":"https:\/\/caboplano.pt\/?post_type=product&#038;p=281"},"modified":"2025-10-28T22:34:15","modified_gmt":"2025-10-28T22:34:15","slug":"fita-adesiva-dupla-face-para-cabos","status":"publish","type":"product","link":"https:\/\/caboplano.pt\/index.php\/produto\/fita-adesiva-dupla-face-para-cabos\/","title":{"rendered":"Fita adesiva dupla face para cabos"},"content":{"rendered":"<div>\n<p>As fitas adesivas dupla face s\u00e3o fabricadas sob medida para o tamanho dos cabos Magic Elek, podendo ser aplicadas em qualquer superf\u00edcie.<br \/>\nDispon\u00edvel em rolos de<span class=\"apple-converted-space\">\u00a0<\/span><strong>3 m<\/strong><span class=\"apple-converted-space\">\u00a0<\/span>ou<span class=\"apple-converted-space\">\u00a0<\/span><strong>10 m<\/strong>.<\/p>\n<\/div>\n","protected":false},"excerpt":{"rendered":"<p>As fitas adesivas dupla face s\u00e3o fabricadas sob medida para o tamanho dos cabos Magic Elek, podendo ser aplicadas em qualquer superf\u00edcie. Dispon\u00edvel em rolos de\u00a03 m\u00a0ou\u00a010 m.<\/p>\n","protected":false},"featured_media":282,"comment_status":"open","ping_status":"closed","template":"","meta":[],"product_brand":[],"product_cat":[18],"product_tag":[],"class_list":{"0":"post-281","1":"product","2":"type-product","3":"status-publish","4":"has-post-thumbnail","6":"product_cat-sem-categoria","8":"first","9":"instock","10":"shipping-taxable","11":"purchasable","12":"product-type-variable"},"_links":{"self":[{"href":"https:\/\/caboplano.pt\/index.php\/wp-json\/wp\/v2\/product\/281","targetHints":{"allow":["GET"]}}],"collection":[{"href":"https:\/\/caboplano.pt\/index.php\/wp-json\/wp\/v2\/product"}],"about":[{"href":"https:\/\/caboplano.pt\/index.php\/wp-json\/wp\/v2\/types\/product"}],"replies":[{"embeddable":true,"href":"https:\/\/caboplano.pt\/index.php\/wp-json\/wp\/v2\/comments?post=281"}],"wp:featuredmedia":[{"embeddable":true,"href":"https:\/\/caboplano.pt\/index.php\/wp-json\/wp\/v2\/media\/282"}],"wp:attachment":[{"href":"https:\/\/caboplano.pt\/index.php\/wp-json\/wp\/v2\/media?parent=281"}],"wp:term":[{"taxonomy":"product_brand","embeddable":true,"href":"https:\/\/caboplano.pt\/index.php\/wp-json\/wp\/v2\/product_brand?post=281"},{"taxonomy":"product_cat","embeddable":true,"href":"https:\/\/caboplano.pt\/index.php\/wp-json\/wp\/v2\/product_cat?post=281"},{"taxonomy":"product_tag","embeddable":true,"href":"https:\/\/caboplano.pt\/index.php\/wp-json\/wp\/v2\/product_tag?post=281"}],"curies":[{"name":"wp","href":"https:\/\/api.w.org\/{rel}","templated":true}]}}